(l) = -l + 2. Let x(h) = -u(h) - 4*y(h). What is x(-8)?
-8
Let w(x) = x**2 + 6 + 16 - 29*x - 18*x + 33*x. Give w(10).
-18
Let z(f) = -293*f**2 + 146*f**2 + 0 + 9 + 146*f**2 - 10*f. Let a(m) = -m**2 + 6*m - 4. Let g be a(7). What is z(g)?
-2
Let y be 42/(-105) - (-2 - 52/5). Let t(p) = -p + 8. Let s be t(y). Let u(q) = 3*q + 5. Determine u(s).
-7
Suppose -47 = 4*s + 81. Let q be s/(-12)*3/2. Suppose -2*b + 2 = -q*m, m - 6*b + 18 = -2*b. Let t(h) = h**2 - 2*h. What is t(m)?
0
Let j(x) = x**2 + 2. Let s = -375 + 378. Give j(s).
11
Let a(u) = -u**2 + 5*u - 3. Let q(v) = 2*v - 113 + 114 - 3*v. Let j be q(-4). Determine a(j).
-3
Let o(k) = -k**2 + 15*k - 10. Let p be o(10). Suppose -5*f - p = -15*f. Let t(b) = -3*b + 1. Determine t(f).
-11
Let q(n) be the second derivative of n**3/6 + 3*n**2/2 - 308*n. Calculate q(0).
3
Let c(h) = 115*h**2 - 14*h - 245*h**2 + 131*h**2 + 18. Calculate c(9).
-27
Let c(b) = -b + 1. Let r be c(-1). Let q = 19 - 18. Let x(j) = 5 - 8*j - q + 1 + j**r. What is x(5)?
-10
Let s(j) be the second derivative of 0 + 6*j + 8/3*j**3 + 1/2*j**2. Determine s(1).
17
Suppose 0 = -13*q + 11 - 11. Let h(a) be the third derivative of a**4/24 - a**3 + 12*a**2. Determine h(q).
-6
Suppose 5*x + 5*f - 30 = -110, 2*f + 83 = -5*x. Let k(o) = -o**3 - 17*o**2 - o - 10. What is k(x)?
7
Let o(u) be the second derivative of u**5/20 - 7*u**4/12 - 7*u**3/6 + 3*u**2/2 - 4*u. Give o(7).
-46
Let x(y) = -82*y**2 - y - 10 + 162*y**2 + 3*y - 85*y**2 + y**3. What is x(5)?
0
Let k = 51 - 48. Let r(d) = -2*d + 2. What is r(k)?
-4
Suppose -4*p = 3*o - 39, -4*o - 2 = -4*p + 2. Suppose -p = 2*m - 30. Let u be (0/(m/3))/(-1). Let l(q) = q**2 + q - 3. Determine l(u).
-3
Let h be 8/(-40)*(-90)/9. Let d(u) be the first derivative of h*u + 1/3*u**3 + 0*u**2 + 4. Give d(-2).
6
Let g(p) = -p**3 + 4*p**2 - 4*p - 2. Let q(u) = 38 - 1 + 93*u - 79*u + u**2. Let h be q(-11). What is g(h)?
-18
Let y(k) be the second derivative of k**5/20 + k**4/3 - k**3/6 + k. Suppose 0 = j - 1, -3*j = -4*a + 2*j - 241. Let h = a - -54. Calculate y(h).
-20
Let u(r) = -2*r**2 + 0 + 4*r**2 - r**3 - 4*r + 2. Suppose 7*g - 6*g - 10 = 0. Suppose 4*s + s = g. Give u(s).
-6
Suppose 0 = -4*d + 4*h + 32, 3*d - 3*h - h = 23. Let c(g) = -107*g**2 + 54*g**2 + 52*g**2 - d + 9*g. Determine c(8).
-1
Let d(p) be the second derivative of -p**4/12 - p**3/6 - 115*p. Give d(-1).
0
Let z = -14 + 16. Let p(f) = -f**2 + f + 1. Let q(m) = 2*m. Let s(h) = p(h) + q(h). Let c be s(z). Let v(j) = -j - 3. Determine v(c).
-6
Let x(d) = -2*d - 7. Suppose -15*k - 97 = 38. What is x(k)?
11
Let n(c) = -1 - c - 3*c + 3*c. Let p(t) = -t**2 - 3*t - 9. Let y(r) = -6*n(r) + p(r). Let w(u) be the first derivative of y(u). Give w(5).
-7
Suppose 0 = -k + 4*t + 1, 0 = -2*k + 3*t - 2*t - 5. Let s(w) = w**3 + 2*w**2 - 2*w + 2. Give s(k).
-1
Suppose -4*m + 3*o + 173 = 0, -5*m = 3*o - 238 + 42. Let d(j) = -m - 2*j + 84 - 44 - 3*j**2. Suppose -5*b + 0 = 5. Give d(b).
-2
Let o(j) = -5 - 8 + 5 + 6*j. Let c(s) = -5*s + 7. Let v(x) = 5*c(x) + 4*o(x). What is v(-4)?
7
Suppose 118*g + 4*v = 115*g + 8, 0 = 3*g - 5*v - 44. Let o(p) = p**2 + p. Let d(s) = -s**3 + 14*s**2 - 5*s + 12. Let b(n) = -d(n) + 5*o(n). Determine b(g).
4
Let v(u) be the third derivative of u**6/120 + u**4/6 + u**3/3 - 6*u**2 + 24*u. Calculate v(-3).
-37
Let y(v) be the third derivative of -v**4/12 + 7*v**3/2 - 90*v**2. Calculate y(10).
1
Suppose -21*f + 12 = -9*f. Let q(i) = -3*i - 1. Give q(f).
-4
Let f(w) = w + 25. Let d(q) = -q - 23. Let a(l) = -5*d(l) - 4*f(l). Determine a(-8).
7
Suppose 2 = 2*j + 2*n, -3*j - n + 4 + 1 = 0. Suppose 56 + 8 = j*r. Let s = r + -28. Let u(g) = -g**2 + 5*g - 5. What is u(s)?
-1
Let j(n) = -4*n - 33 + 3*n + 7*n + 11 - 3*n. Calculate j(8).
2
Let i(g) be the first derivative of g**4/4 + 7*g**3/3 + 5*g**2/2 + 5*g - 86. Calculate i(-6).
11
Let d(v) be the second derivative of -1/6*v**3 + v + 0 - 4*v**2. Let n(t) = 8*t - 30. Let r be n(3). What is d(r)?
-2
Let u(h) = -5*h**2 + 2. Let g(f) = 9*f**2 - f - 3. Let i(x) = 3*g(x) + 5*u(x). Suppose 7 = 3*k + 19. Let c be (2/5)/(k/(-20)). What is i(c)?
3
Suppose -7*i + 6 = 3*g - 8*i, -2*g + i + 3 = 0. Let m(z) = z**3 - 4*z**2 + 3*z + 4. What is m(g)?
4
Let z(w) = 2*w**3 - 4*w**2 + 3*w - 2. Let l be z(2). Let v(d) = -1 + 12*d + 2 + 13*d**2 - 8*d - 14*d**2. Determine v(l).
1
Let z(h) = 15 + 45*h - 10 - 47*h. Let b(k) = -7*k + 13. Let i(l) = 3*b(l) - 8*z(l). Calculate i(-2).
9
Let l(y) = -3*y**2 + 20*y - 5. Let z(q) = 7*q**2 - 42*q + 12. Let h(x) = 9*l(x) + 4*z(x). Calculate h(-11).
-8
Let k(f) be the second derivative of f**5/20 - 11*f**4/12 + f**3/6 - 13*f**2/2 + 106*f. Give k(11).
-2
Let p = 5 + 3. Suppose 4*v = 20, n = 4*n - v + p. Let m(j) be the third derivative of -j**6/120 - j**5/60 - 2*j**2. What is m(n)?
0
Let f(y) be the third derivative of 0 + 5*y**2 + 0*y - 1/24*y**4 - 17/6*y**3. What is f(0)?
-17
Let g(z) be the first derivative of 2*z**3/3 + z**2 + 2*z + 1. Let c be g(-2). Let i(l) = l - c + 4 + 4. Give i(-5).
-3
Let f(g) = 18 + 0*g + 3*g - 2*g - 20. What is f(-2)?
-4
Let n(g) = 5*g + 20. Let j be n(-3). Let t(w) = w + 5. Determine t(j).
10
Let f(t) be the third derivative of -t**6/120 - t**5/12 - t**4/8 - 3*t**3/2 + 18*t**2. Let b be f(-5). Let d(k) = -k + 4. Determine d(b).
-2
Suppose -2*j = -2*c + 18, -2*c - c + 28 = -4*j. Let s(u) = -u**2 + 7*u + 6. Determine s(c).
-2
Let r(i) be the second derivative of -5/2*i**2 + i - 1/6*i**3 + 0. Give r(-8).
3
Let d(h) be the first derivative of -h**4/12 - h**3/6 + h**2/2 - 6*h - 6. Let a(k) be the first derivative of d(k). What is a(-2)?
-1
Suppose -13 = b + 3*z, 3*b - 2*z - 2*z = -52. Let l = -10 - b. Let h(k) = -k**3 + 130 + 6*k**2 - 131 + 8*k - k**2. Calculate h(l).
11
Let u = -8 + 7. Let f(k) = 10*k**2 - k. Let p be f(u). Let c(a) = -2*a**2 + a**2 - 4*a + p*a + 1. What is c(6)?
7
Let g be 4/(-12) - (-1 - (-1 + 13/3)). Let r(i) = -2*i**2 + 13*i - 3. Let s(f) = f**2 - 7*f + 2. Suppose 11 = 4*o - 9. Let j(q) = o*s(q) + 3*r(q). What is j(g)?
1
Let u(n) = 13*n**2 + 1. Suppose -b - 2 = 3*f + 4, f + 13 = -4*b. Let q be f - 0*(-1)/5. Calculate u(q).
14
Let u(z) = 2*z**2 + 5. Let t be u(0). Let f(s) = -11*s + t*s + 1 + 7*s. What is f(-4)?
-3
Let h be 165/30 - 1/2. Let p(y) be the third derivative of 0*y - 1/24*y**4 + 1/10*y**6 - 3*y**2 + 1/6*y**3 + 0 + 1/60*y**h. Give p(1).
13
Let g(h) = 5*h. Let x(p) = -p**3 + p**2 + 6*p + 1. Suppose 46*v = 44*v + 6. Let d be x(v). Give g(d).
5
Let l be 2/9 + 1598/423. Let g(h) be the third derivative of 0 + 0*h + 1/3*h**3 + 1/24*h**l - 14*h**2. Give g(3).
5
Let w(c) = -c**3 + 8*c**2 - 6*c - 8. Let o be w(7). Let u(m) = 3*m**2 - 1. Let p be u(o). Let j(x) = x**2 + 34 - 31 + 9*x - p*x. Calculate j(-5).
-7
Let p(t) = 2*t + 17. Let j(w) = w + 4. Let o(f) = 3*j(f) - p(f). Calculate o(-2).
-7
Let x(r) = 4*r**2 - r. Let i(l) = l**3 - 7*l**2 - l - 13. Suppose 0 = 3*c - 4*n - 33, -5 - 4 = 3*n. Let w be i(c). Let o = w - -21. Give x(o).
3
Let n(h) = h + 10. Let g = 69 + -51. Let v(y) = -y**2 + 15*y + 47. Let u be v(g). Calculate n(u).
3
Let x(z) = 0 - 3*z**2 - 7 - 4*z**2 - 6*z + 6*z**2. Calculate x(-5).
-2
Let z(t) = -t**2 + 2*t + 1. Suppose 0 = -0*w - 3*w - 12, -2*w - 120 = -4*y. Suppose y = 4*u + 36. What is z(u)?
-7
Let w(l) = -7*l**3 + 2*l**2 + 12*l + 4. Let q(d) = 6*d**3 - d**2 - 11*d - 4. Let p(m) = -6*q(m) - 5*w(m). Calculate p(-5).
-1
Suppose -2*i + 26 = 40. Let y be (42/i)/(-4 - -3). Let b(p) be the first derivative of -p**3/3 + 4*p**2 - 8*p - 1. Calculate b(y).
4
Let b(o) be the third derivative of o**5/30 - 25*o**3/6 + 19*o**2. Let n(g) be the first derivative of b(g). Let f = 1 + 0. Give n(f).
4
Suppose 4*k - 5*j - 14 = 0, -2*k + 15 = -2*j + 7. Suppose 15 = 2*t + 5. Suppose t*i - k = -36. Let c(l) = 3*l + 6. Determine c(i).
-12
Let s(w) = -w**2 + 7*w + 9. Let n(k) = -k**2 - k - 1. Let b(f) = -2*n(f) + s(f). Let r(c) = -2*c**3 - 7*c**2 + 2*c + 7. Let v be r(-3). Give b(v).
3
Let t(r) be the third derivative of -r**6/120 - 11*r**5/60 - 11*r**4/24 - 11*r**3/6 + 108*r**2. Determine t(-10).
-1
Suppose 236 - 206 = -5*x. Let i(c) = -c**3 - 6*c**2 + c. Give i(x).
-6
Let v = -4 + 20. Suppose 0*l = 8*l + v. Let a(q) = 4*q + 1. Determine a(l).
-7
Let j(h) = h**2 - 7*h + 2. Let x(o) = -o**2 - 6*o + 2. Let g be x(-4). Suppose -